{"id":1930,"date":"2018-05-26T21:33:36","date_gmt":"2018-05-26T19:33:36","guid":{"rendered":"http:\/\/edigroup.de\/wordpress\/?page_id=1930"},"modified":"2020-03-06T08:38:23","modified_gmt":"2020-03-06T06:38:23","slug":"startseite","status":"publish","type":"page","link":"https:\/\/www.edigroup.de\/?page_id=1930","title":{"rendered":"Startseite"},"content":{"rendered":"<h1 class=\"site-title\"><a title=\"EDiGroup \u2013 Elektromobilit\u00e4t, Dienstleistung, Innovation\" href=\"http:\/\/edigroup.de\/\" rel=\"home\">EDiGroup \u2013 Elektromobilit\u00e4t, Dienstleistung, Innovation<\/a><\/h1>\n<p>Ihr B\u00fcro f\u00fcr TechnikfolgenEINsch\u00e4tzung und PraxisInnovation<\/p>\n<p><a href=\"http:\/\/edigroup.de\/wp-content\/uploads\/2018\/08\/EDiGroup.tiff\"><img decoding=\"async\" class=\"alignnone size-medium wp-image-2253\" src=\"http:\/\/edigroup.de\/wp-content\/uploads\/2018\/08\/EDiGroup.tiff\" alt=\"\" width=\"1\" height=\"1\" \/><\/a><a href=\"http:\/\/edigroup.de\/wp-content\/uploads\/2018\/08\/EDiGroup.tiff\"><img decoding=\"async\" class=\"alignnone size-medium wp-image-2253\" src=\"http:\/\/edigroup.de\/wp-content\/uploads\/2018\/08\/EDiGroup.tiff\" alt=\"\" width=\"1\" height=\"1\" \/><\/a><\/p>\n<p>Alleinstellungsmerkmale: Branchen\u00fcbergreifende Anwendungserfahrung und Prozess-\/Akteurskenntnisse.<br \/>\nHersteller\u00fcbergreifend. Praxiserfahren. Kompetent.<\/p>\n<p>#enJOYmobility<\/p>\n<p><strong>Herstellunabh\u00e4ngige \/ \u00fcbergreifende <\/strong>IntegrationsBeratung<strong> &amp; <\/strong>Dienstleistungen der EDiGroup- Kompetenzteams je<br \/>\nnach Mandant, Phase und Anforderung.<\/p>\n<p>Wir sind l\u00f6sungsorientierte Umsetzer &amp; Macher mit skalierbaren Innovationsbausteinen.\u00a0 Innovative und wartungsfreundliche Ausrichtung zu reellen Konditionen.<\/p>\n<p><strong>\u00dcbergreifend:<\/strong> Die jeweils zum Einsatz kommende Werkzeuge<br \/>\nwerden in unterschiedlichen Durchdringungsgraden beim Partner \/ Lieferanten \/ Mandanten\u00a0 \/ Projekteinsatz unterst\u00fctzt. Elektronische Anbindungen und\u00a0 digitale Prozesse der beteiligten Gesch\u00e4ftspartner synergetisch optimiert.<\/p>\n<p>Wir kennen die marktrelevanten Systeme aus der Praxis, gleichfalls die\/ deren Optimierungspotentiale. Innovationsm\u00f6glichkeiten werden je nach Budget eingebracht. Umsetzungsberatung und Begleitung buchbar.<\/p>\n<p style=\"text-align: left;\"><strong>Mehrwert:<\/strong> Integration oder <strong>Full Integration<\/strong> zielt darauf ab z.B. am Beispiel den gesamten Dom\u00e4nenprozess End2End einzubeziehen. Beispiele: \u201eBelegfluss\u201c der Gesch\u00e4ftsvorf\u00e4lle zwischen den internationalen Gesch\u00e4ftspartnern elektronisch \u00fcber definierte und beidseitig abgestimmte Schnittstellen, bedarfsgerecht \u00fcber intelligente, skalierbare<br \/>\nProzesse (holistisch) abzuwickeln.<br \/>\nSpezialgebiete : #enJOYmobility\u00a0 innovativ &#8211; integrativ.<br \/>\nEigenenergienutzung, sicheres Smart Metering Services- &amp; zukunftssicher erm\u00f6glichen Teilautarkie Eigenenergie &amp; neue Mobilit\u00e4t.\u00a0 (#MaaS)<\/p>\n<p><strong>Kompetenz: <\/strong>Proaktiv langj\u00e4hrig eingespielte Teams erf\u00fcllt Ihre Zielvorgaben punktgenau und Projekt &#8211; \/ erfolgswirksam. Budgetgenau.<br \/>\nGern auch Pakete mit Erfolgsanteil nach Absch\u00e4tzung\/Analyse.<\/p>\n<p><strong>Aktuell:<\/strong> Narrow Band IoT (Internet of Things)\u00a0\u00a0\u00a0 #NBIoT<\/p>\n<p>Parkom-R Integrationen in D-A-CH \/Europa &amp; weltweit.<br \/>\nInnovative Infrastruktur Telematik &#8211; L\u00f6sungen im &#8222;ruhenden Verkehr&#8220; .Z.B. Parkraummanagement, Kein Warten\u00a0 an Schranken (R\u00fcckstau) dank intelligenter Fahrspurerkennung und Schranken\u00f6ffnung f\u00fcr Berechtigte \u00a0 etc.\u00a0\u00a0\u00a0\u00a0\u00a0\u00a0\u00a0 Gesamtportfolio\u00a0\u00a0 bitte PN\u00a0 senden<\/p>\n<p>(c)<\/p>\n","protected":false},"excerpt":{"rendered":"<p>EDiGroup \u2013 Elektromobilit\u00e4t, Dienstleistung, Innovation Ihr B\u00fcro f\u00fcr TechnikfolgenEINsch\u00e4tzung und PraxisInnovation Alleinstellungsmerkmale: Branchen\u00fcbergreifende Anwendungserfahrung und Prozess-\/Akteurskenntnisse. Hersteller\u00fcbergreifend. Praxiserfahren. Kompetent. #enJOYmobility Herstellunabh\u00e4ngige \/ \u00fcbergreifende IntegrationsBeratung &amp; Dienstleistungen der EDiGroup- Kompetenzteams je nach Mandant, Phase und Anforderung. Wir sind l\u00f6sungsorientierte Umsetzer &amp; Macher mit skalierbaren Innovationsbausteinen.\u00a0 Innovative und wartungsfreundliche Ausrichtung zu reellen Konditionen. \u00dcbergreifend: Die jeweils zum Einsatz kommende Werkzeuge werden in<\/p>\n<p><a class=\"more-link\" href=\"https:\/\/www.edigroup.de\/?page_id=1930\">Weiterlesen<\/a><\/p>\n","protected":false},"author":3,"featured_media":0,"parent":0,"menu_order":100,"comment_status":"closed","ping_status":"closed","template":"","meta":{"footnotes":""},"class_list":["post-1930","page","type-page","status-publish","hentry"],"_links":{"self":[{"href":"https:\/\/www.edigroup.de\/index.php?rest_route=\/wp\/v2\/pages\/1930","targetHints":{"allow":["GET"]}}],"collection":[{"href":"https:\/\/www.edigroup.de\/index.php?rest_route=\/wp\/v2\/pages"}],"about":[{"href":"https:\/\/www.edigroup.de\/index.php?rest_route=\/wp\/v2\/types\/page"}],"author":[{"embeddable":true,"href":"https:\/\/www.edigroup.de\/index.php?rest_route=\/wp\/v2\/users\/3"}],"replies":[{"embeddable":true,"href":"https:\/\/www.edigroup.de\/index.php?rest_route=%2Fwp%2Fv2%2Fcomments&post=1930"}],"version-history":[{"count":9,"href":"https:\/\/www.edigroup.de\/index.php?rest_route=\/wp\/v2\/pages\/1930\/revisions"}],"predecessor-version":[{"id":2691,"href":"https:\/\/www.edigroup.de\/index.php?rest_route=\/wp\/v2\/pages\/1930\/revisions\/2691"}],"wp:attachment":[{"href":"https:\/\/www.edigroup.de\/index.php?rest_route=%2Fwp%2Fv2%2Fmedia&parent=1930"}],"curies":[{"name":"wp","href":"https:\/\/api.w.org\/{rel}","templated":true}]}}