{"id":2002,"date":"2018-05-28T23:55:41","date_gmt":"2018-05-28T21:55:41","guid":{"rendered":"http:\/\/edigroup.de\/wordpress\/?page_id=2002"},"modified":"2019-09-04T20:02:33","modified_gmt":"2019-09-04T18:02:33","slug":"parkraum-management","status":"publish","type":"page","link":"https:\/\/www.edigroup.de\/?page_id=2002","title":{"rendered":"Parkraum-Management"},"content":{"rendered":"<p><a href=\"https:\/\/edigroup.de\/?page_id=2341\" target=\"_blank\" rel=\"noopener noreferrer\"><strong><span style=\"color: #ff0000;\">Smart Intelligent Traffic Solutions<\/span><\/strong><\/a><\/p>\n<section class=\"elementor-element elementor-element-53a659f elementor-section-boxed elementor-section-height-default elementor-section-height-default elementor-section elementor-top-section\" data-id=\"53a659f\" data-element_type=\"section\">\n<div class=\"elementor-container elementor-column-gap-default\">\n<div class=\"elementor-row\">\n<div class=\"elementor-element elementor-element-5627fa47 elementor-column elementor-col-100 elementor-top-column\" data-id=\"5627fa47\" data-element_type=\"column\">\n<div class=\"elementor-column-wrap elementor-element-populated\">\n<div class=\"elementor-widget-wrap\">\n<div class=\"elementor-element elementor-element-36b4603a elementor-widget elementor-widget-heading\" data-id=\"36b4603a\" data-element_type=\"heading.default\">\n<div class=\"elementor-widget-container\">\n<h2 class=\"elementor-heading-title elementor-size-xl\">Narrow Band Parking Sensor<\/h2>\n<\/div>\n<\/div>\n<\/div>\n<\/div>\n<\/div>\n<\/div>\n<\/div>\n<\/section>\n<section class=\"elementor-element elementor-element-603317fa elementor-section-boxed elementor-section-height-default elementor-section-height-default elementor-section elementor-top-section\" data-id=\"603317fa\" data-element_type=\"section\">\n<div class=\"elementor-container elementor-column-gap-default\">\n<div class=\"elementor-row\">\n<div class=\"elementor-element elementor-element-72f08713 elementor-column elementor-col-50 elementor-top-column\" data-id=\"72f08713\" data-element_type=\"column\">\n<div class=\"elementor-column-wrap elementor-element-populated\">\n<div class=\"elementor-widget-wrap\">\n<section class=\"elementor-element elementor-element-24ea387a elementor-section-boxed elementor-section-height-default elementor-section-height-default elementor-section elementor-inner-section\" data-id=\"24ea387a\" data-element_type=\"section\">\n<div class=\"elementor-container elementor-column-gap-default\">\n<div class=\"elementor-row\">\n<div class=\"elementor-element elementor-element-6db13c6a elementor-column elementor-col-100 elementor-inner-column\" data-id=\"6db13c6a\" data-element_type=\"column\">\n<div class=\"elementor-column-wrap elementor-element-populated\">\n<div class=\"elementor-widget-wrap\">\n<div class=\"elementor-element elementor-element-7042bdb7 elementor-widget elementor-widget-heading\" data-id=\"7042bdb7\" data-element_type=\"heading.default\">\n<div class=\"elementor-widget-container\">\n<h3 class=\"elementor-heading-title elementor-size-default\"><a href=\"https:\/\/www.mobilisis.hr\/nbps-narrowband-parking-senzor\" target=\"_blank\" rel=\"noopener noreferrer\"><img fetchpriority=\"high\" decoding=\"async\" class=\"alignnone  wp-image-2559\" src=\"https:\/\/www.edigroup.de\/wp-content\/uploads\/2019\/08\/NBPS-cert.jpg\" alt=\"\" width=\"384\" height=\"160\"><\/a><\/h3>\n<h3 class=\"elementor-heading-title elementor-size-default\">Produktbeschreibung<\/h3>\n<\/div>\n<\/div>\n<div class=\"elementor-element elementor-element-63b65639 elementor-widget elementor-widget-text-editor\" data-id=\"63b65639\" data-element_type=\"text-editor.default\">\n<div class=\"elementor-widget-container\">\n<div class=\"elementor-text-editor elementor-clearfix\">\n<p><em><span lang=\"de\">MagSense-R Parksensor (#NBPS) ist ein autonomer drahtloser Sensor. Er unterst\u00fctzt den neuen weltweit g\u00fcltigen Mobilfunkstandard (M2M) in Internet der Dinge (IoT). Netzabdeckung wird von allen Providern fl\u00e4chendeckend als Infrastrukturdienst auch in Deutschland erbracht Es ist INNOVATION pur als Telematikbaustein f\u00fcr den &#8222;ruhenden Verkehr&#8220;. Kompakte und einfach zu implementierende L\u00f6sung zur \u00dcberwachung von Einzelpark\/stellpl\u00e4tzen, die Smart-Cities \/ St\u00e4dten, Kommunen, Lades\u00e4ulen und Parkraumbetreiber erm\u00f6glicht, die Parkprobleme besser zu bew\u00e4ltigen. Vielf\u00e4ltige einfache Integrationsm\u00f6glichkeiten.<\/span><\/em><\/p>\n<p><em>NBPS-Parksensoren messen die Parkraumbelegung in Echtzeit effizient mit Backendanbindung.<br \/>\nDie Sensoren sind leicht unter den Parkfl\u00e4chen\/Pl\u00e4tzen einzubetten (z.B. Verbundsteinen). Echtzeit\u00fcbertragung der Informationen an den zentralen Server (TelekomCloud NBIoT), wenn der betreffende Raum von dem Fahrzeug besetzt ist oder frei.<br \/>\nIdeal bei #Sonderstellf\u00e4chendetektion #Lades\u00e4ulen<\/em><\/p>\n<p><em>MobiliSis d.o.o.&nbsp; hat mit MagSense-R einen Drei-Achsen-Magnetometer mit ausgefeilter (KI-Expertensysteme) die exakteste Magnetfeldsensorik und erprobte Algorithmen im Einsatz.<br \/>\nDiese gew\u00e4hrleisten eine pr\u00e4zise Erkennung des Fahrzeugs unabh\u00e4ngig von m\u00f6glichen Hindernissen wie Laub, Schmutz oder Schnee.<br \/>\nInformationen in Ectzeit \u00fcber die Parkbelegung k\u00f6nnen genutzt werden, um die Fahrer zu den n\u00e4chsten freien Parkpl\u00e4tzen zu f\u00fchren. (Web, Navi, App Integrationen). Dadurch werden #Parksuchverkehre reduziert,&nbsp; die Ma\u00dfnahmen zu Luftreinhaltung der 60 Masterplankommunen effizient unterst\u00fctzt &#8211; mit telematischen intelligenten Infrastrukturbausteinen.<br \/>\nDer Verkehrsfluss in den St\u00e4dten wird erh\u00f6ht und die Verschmutzung \/ L\u00e4rm \/ Emissionen insgesamt verringert. Die Auslastung der Parkpl\u00e4tze und die Effizienz der Durchsetzung werden ebenfalls optimiert. Es steht <strong>mehr nutzbarer Parkraum<\/strong> bereit der auf f\u00fcr die Betreiber wirtschaftlicher zu nutzen ist.<\/em><\/p>\n<p><em>Dank Echtzeitbelegungsanzeige (optional auch mit LED-Schildern) in der <a href=\"http:\/\/edigroup.de\/wordpress\/?page_id=2075\" target=\"_blank\" rel=\"noopener noreferrer\">SmartParkingCloud<\/a> via Narrow Band Internet of Things, stehen die Daten allen berechtigten Akteuren sofort zu Verf\u00fcgung.<\/em><\/p>\n<\/div>\n<\/div>\n<\/div>\n<\/div>\n<\/div>\n<\/div>\n<\/div>\n<\/div>\n<\/section>\n<section class=\"elementor-element elementor-element-526ecb66 elementor-section-boxed elementor-section-height-default elementor-section-height-default elementor-section elementor-inner-section\" data-id=\"526ecb66\" data-element_type=\"section\">\n<div class=\"elementor-container elementor-column-gap-default\">\n<div class=\"elementor-row\">\n<div class=\"elementor-element elementor-element-12b8becf elementor-column elementor-col-100 elementor-inner-column\" data-id=\"12b8becf\" data-element_type=\"column\">\n<div class=\"elementor-column-wrap elementor-element-populated\">\n<div class=\"elementor-widget-wrap\">\n<div class=\"elementor-element elementor-element-12520a6 elementor-widget elementor-widget-heading\" data-id=\"12520a6\" data-element_type=\"heading.default\">\n<div class=\"elementor-widget-container\">\n<div class=\"elementor-element elementor-element-1cb8d2f elementor-widget elementor-widget-heading\" data-id=\"1cb8d2f\" data-element_type=\"heading.default\">\n<div class=\"elementor-widget-container\">\n<h3 class=\"elementor-heading-title elementor-size-default\">Systemarchitektur<\/h3>\n<\/div>\n<\/div>\n<div class=\"elementor-element elementor-element-54d162f8 elementor-widget elementor-widget-image\" data-id=\"54d162f8\" data-element_type=\"image.default\">\n<div class=\"elementor-widget-container\">\n<div class=\"elementor-image\"><\/div>\n<\/div>\n<\/div>\n<h3 class=\"elementor-heading-title elementor-size-default\">Key features<\/h3>\n<\/div>\n<\/div>\n<div class=\"elementor-element elementor-element-518f95bc elementor-widget elementor-widget-text-editor\" data-id=\"518f95bc\" data-element_type=\"text-editor.default\">\n<div class=\"elementor-widget-container\">\n<div class=\"elementor-text-editor elementor-clearfix\">\n<ul>\n<li><em>Drahtlose Erkennung und Kommunikation mit IoT<\/em><\/li>\n<li><em>Effiziente Parkplatz-\/raumbelegungsmessung und proaktive Erkennungsfunktionen<\/em><\/li>\n<li><em>Echtzeitparkplatzstatus&nbsp; via Google Map\/ App \/ Navi \/ Web<\/em><\/li>\n<li><em>Der Sensor bietet eine h\u00f6chst zuverl\u00e4ssige Erkennung bei <strong>allen Wetterbedingungen<\/strong><\/em><\/li>\n<li><em>Weniger anspruchsvolle Installation im Vergleich zu ungenaueren Mittbewerberl\u00f6sungen bei h\u00f6chster Integrationstiefe<\/em><\/li>\n<li><em>Einfache Integration in bestehende Infrastruktur (schnell und wirtschaftlich)<br \/>\n<\/em><\/li>\n<\/ul>\n<\/div>\n<\/div>\n<\/div>\n<\/div>\n<\/div>\n<\/div>\n<\/div>\n<\/div>\n<\/section>\n<section class=\"elementor-element elementor-element-43208144 elementor-section-boxed elementor-section-height-default elementor-section-height-default elementor-section elementor-inner-section\" data-id=\"43208144\" data-element_type=\"section\">\n<div class=\"elementor-container elementor-column-gap-default\">\n<div class=\"elementor-row\">\n<div class=\"elementor-element elementor-element-abea7dd elementor-column elementor-col-100 elementor-inner-column\" data-id=\"abea7dd\" data-element_type=\"column\">\n<div class=\"elementor-column-wrap elementor-element-populated\">\n<div class=\"elementor-widget-wrap\">\n<div class=\"elementor-element elementor-element-82f4adb elementor-widget elementor-widget-heading\" data-id=\"82f4adb\" data-element_type=\"heading.default\">\n<div class=\"elementor-widget-container\">\n<h3 class=\"elementor-heading-title elementor-size-default\">Benefits<\/h3>\n<\/div>\n<\/div>\n<div class=\"elementor-element elementor-element-4afaec38 elementor-widget elementor-widget-text-editor\" data-id=\"4afaec38\" data-element_type=\"text-editor.default\">\n<div class=\"elementor-widget-container\">\n<div class=\"elementor-text-editor elementor-clearfix\">\n<ul>\n<li><em>Schnelle, genaue und zuverl\u00e4ssige Fahrzeugerkennung unabh\u00e4ngig von Verkehr, Wetter und Oberfl\u00e4chenbeschaffenheit<\/em><\/li>\n<li><em>Einfache Plug &amp; Play-Installation<\/em><\/li>\n<li><em>Eliminiert die Notwendigkeit f\u00fcr jede Art von Relaisknoten oder Gateways (Zusatzhardware)<\/em><\/li>\n<li><em>Einfache effiziente Datenvisualisierung mit Cloud-basierter Schnittstelle<\/em><\/li>\n<li><em>Kann problemlos in jedes bestehende Parkhaus-Managementsystem implementiert werden<\/em><\/li>\n<li><em>Schneepflug resistent<\/em><\/li>\n<li><em>Vandalismusicher<\/em><\/li>\n<li><em>Unter Verbundsteinen einfachst zu installieren, ebenso unter Fahrbahnoberfl\u00e4che<br \/>\n<\/em><\/li>\n<\/ul>\n<\/div>\n<\/div>\n<\/div>\n<div class=\"elementor-element elementor-element-4690adf6 elementor-widget elementor-widget-text-editor\" data-id=\"4690adf6\" data-element_type=\"text-editor.default\">\n<div class=\"elementor-widget-container\">\n<div class=\"elementor-text-editor elementor-clearfix\">\n<p><em>Der #NBPS Sensor ist f\u00fcr den Betrieb mit dem NB IoT-Netzwerk ausgelegt. Der Sensor funktioniert nur in dem Bereich, der vom NB IoT-Netzwerk abgedeckt wird. (Fl\u00e4chendeckende Netzabdeckung aller Mobilfunkprovider weltweit)<\/em><\/p>\n<p>Spezifikationen und Referenzen auf Anfrage via <a href=\"mailto:nbps@edigroup.de\">E-Mail<\/a>.<br \/>\n<em><strong><span style=\"color: #ff00ff;\"><a style=\"color: #ff00ff;\" href=\"https:\/\/t1p.de\/y9sg\">#Dubrovnik #SmartParking #NBIoT<\/a><\/span><\/strong><\/em><\/p>\n<\/div>\n<\/div>\n<\/div>\n<\/div>\n<\/div>\n<\/div>\n<\/div>\n<\/div>\n<\/section>\n<\/div>\n<\/div>\n<\/div>\n<\/div>\n<\/div>\n<\/section>\n<p>[:en]<a href=\"http:\/\/edigroup.de\/wordpress\/?page_id=2075\" target=\"_blank\" rel=\"noopener noreferrer\"><strong><span style=\"color: #ff0000;\">Smart Intelligent Traffic Solutions<\/span><\/strong><\/a><\/p>\n<section class=\"elementor-element elementor-element-53a659f elementor-section-boxed elementor-section-height-default elementor-section-height-default elementor-section elementor-top-section\" data-id=\"53a659f\" data-element_type=\"section\">\n<div class=\"elementor-container elementor-column-gap-default\">\n<div class=\"elementor-row\">\n<div class=\"elementor-element elementor-element-5627fa47 elementor-column elementor-col-100 elementor-top-column\" data-id=\"5627fa47\" data-element_type=\"column\">\n<div class=\"elementor-column-wrap elementor-element-populated\">\n<div class=\"elementor-widget-wrap\">\n<div class=\"elementor-element elementor-element-36b4603a elementor-widget elementor-widget-heading\" data-id=\"36b4603a\" data-element_type=\"heading.default\">\n<div class=\"elementor-widget-container\">\n<h2 class=\"elementor-heading-title elementor-size-xl\">Narrow Band Parking Sensor<\/h2>\n<\/div>\n<\/div>\n<\/div>\n<\/div>\n<\/div>\n<\/div>\n<\/div>\n<\/section>\n<section class=\"elementor-element elementor-element-603317fa elementor-section-boxed elementor-section-height-default elementor-section-height-default elementor-section elementor-top-section\" data-id=\"603317fa\" data-element_type=\"section\">\n<div class=\"elementor-container elementor-column-gap-default\">\n<div class=\"elementor-row\">\n<div class=\"elementor-element elementor-element-72f08713 elementor-column elementor-col-50 elementor-top-column\" data-id=\"72f08713\" data-element_type=\"column\">\n<div class=\"elementor-column-wrap elementor-element-populated\">\n<div class=\"elementor-widget-wrap\">\n<section class=\"elementor-element elementor-element-24ea387a elementor-section-boxed elementor-section-height-default elementor-section-height-default elementor-section elementor-inner-section\" data-id=\"24ea387a\" data-element_type=\"section\">\n<div class=\"elementor-container elementor-column-gap-default\">\n<div class=\"elementor-row\">\n<div class=\"elementor-element elementor-element-6db13c6a elementor-column elementor-col-100 elementor-inner-column\" data-id=\"6db13c6a\" data-element_type=\"column\">\n<div class=\"elementor-column-wrap elementor-element-populated\">\n<div class=\"elementor-widget-wrap\">\n<div class=\"elementor-element elementor-element-7042bdb7 elementor-widget elementor-widget-heading\" data-id=\"7042bdb7\" data-element_type=\"heading.default\">\n<div class=\"elementor-widget-container\">\n<h3 class=\"elementor-heading-title elementor-size-default\"><\/h3>\n<h3 class=\"elementor-heading-title elementor-size-default\">Produktbeschreibung<\/h3>\n<\/div>\n<\/div>\n<div class=\"elementor-element elementor-element-63b65639 elementor-widget elementor-widget-text-editor\" data-id=\"63b65639\" data-element_type=\"text-editor.default\">\n<div class=\"elementor-widget-container\">\n<div class=\"elementor-text-editor elementor-clearfix\">\n<p><em><span lang=\"de\">MagSense-R Parksensor (#NBPS) ist ein autonomer drahtloser Sensor. Er unterst\u00fctzt den neuen weltweit g\u00fcltigen Mobilfunkstandard (M2M) in Internet der Dinge (IoT). Netzabdeckung wird von allen Providern fl\u00e4chendeckend als Infrastrukturdienst auch in Deutschland erbracht Es ist INNOVATION pur als Telematikbaustein f\u00fcr den &#8222;ruhenden Verkehr&#8220;. Kompakte und einfach zu implementierende L\u00f6sung zur \u00dcberwachung von Einzelpark\/stellpl\u00e4tzen, die Smart-Cities \/ St\u00e4dten, Kommunen, Lades\u00e4ulen und Parkraumbetreiber erm\u00f6glicht, die Parkprobleme besser zu bew\u00e4ltigen. Vielf\u00e4ltige einfache Integrationsm\u00f6glichkeiten.<\/span><\/em><\/p>\n<p><em>NBPS-Parksensoren messen die Parkraumbelegung in Echtzeit effizient mit Backendanbindung.<br \/>\nDie Sensoren sind leicht unter den Parkfl\u00e4chen\/Pl\u00e4tzen einzubetten (z.B. Verbundsteinen). Echtzeit\u00fcbertragung der Informationen an den zentralen Server (TelekomCloud NBIoT), wenn der betreffende Raum von dem Fahrzeug besetzt ist oder frei.<br \/>\nIdeal bei #Sonderstellf\u00e4chendetektion #Lades\u00e4ulen<\/em><\/p>\n<p><em>MobiliSis D.O.O. hat mit MagSense-R einen Drei-Achsen-Magnetometer und ausgefeilte (KI-Expertensysteme) die exakteste Magnetfeldsensorik und erprobte Algorithmen im Einsatz. Diese gew\u00e4hrleisten eine pr\u00e4zise Erkennung des Fahrzeugs unabh\u00e4ngig von m\u00f6glichen Hindernissen wie Laub, Schmutz oder Schnee. Informationen in Ectzeit \u00fcber die Parkbelegung k\u00f6nnen genutzt werden, um die Fahrer zu den n\u00e4chsten freien Parkpl\u00e4tzen zu f\u00fchren. (Web, Navi, App Integrationen). Dadurch werden #Parksuchverkehre reduziert,&nbsp; die Ma\u00dfnahmen zu Luftreinhaltung der 60 Masterplankommunen effizient unterst\u00fctzt &#8211; mit telematischen intelligenten Infrastrukturbausteinen.<br \/>\nDer Verkehrsfluss in den St\u00e4dten wird erh\u00f6ht und die Verschmutzung \/ L\u00e4rm \/ Emissionen insgesamt verringert. Die Auslastung der Parkpl\u00e4tze und die Effizienz der Durchsetzung werden ebenfalls optimiert. Es steht <strong>mehr nutzbarer Parkraum<\/strong> bereit der auf f\u00fcr die Betreiber wirtschaftlicher zu nutzen ist.<\/em><\/p>\n<p><em>Dank Echtzeitbelegungsanzeige (optional auch mit LED-Schildern) in der <a href=\"http:\/\/edigroup.de\/wordpress\/?page_id=2075\" target=\"_blank\" rel=\"noopener noreferrer\">SmartParkingCloud<\/a> via Narrow Band Internet of Things, stehen die Daten allen berechtigten Akteuren sofort zu Verf\u00fcgung.<\/em><\/p>\n<\/div>\n<\/div>\n<\/div>\n<\/div>\n<\/div>\n<\/div>\n<\/div>\n<\/div>\n<\/section>\n<section class=\"elementor-element elementor-element-526ecb66 elementor-section-boxed elementor-section-height-default elementor-section-height-default elementor-section elementor-inner-section\" data-id=\"526ecb66\" data-element_type=\"section\">\n<div class=\"elementor-container elementor-column-gap-default\">\n<div class=\"elementor-row\">\n<div class=\"elementor-element elementor-element-12b8becf elementor-column elementor-col-100 elementor-inner-column\" data-id=\"12b8becf\" data-element_type=\"column\">\n<div class=\"elementor-column-wrap elementor-element-populated\">\n<div class=\"elementor-widget-wrap\">\n<div class=\"elementor-element elementor-element-12520a6 elementor-widget elementor-widget-heading\" data-id=\"12520a6\" data-element_type=\"heading.default\">\n<div class=\"elementor-widget-container\">\n<div class=\"elementor-element elementor-element-1cb8d2f elementor-widget elementor-widget-heading\" data-id=\"1cb8d2f\" data-element_type=\"heading.default\">\n<div class=\"elementor-widget-container\">\n<h3 class=\"elementor-heading-title elementor-size-default\">Systemarchitektur<\/h3>\n<\/div>\n<\/div>\n<div class=\"elementor-element elementor-element-54d162f8 elementor-widget elementor-widget-image\" data-id=\"54d162f8\" data-element_type=\"image.default\">\n<div class=\"elementor-widget-container\">\n<div class=\"elementor-image\"><\/div>\n<\/div>\n<\/div>\n<h3 class=\"elementor-heading-title elementor-size-default\">Key features<\/h3>\n<\/div>\n<\/div>\n<div class=\"elementor-element elementor-element-518f95bc elementor-widget elementor-widget-text-editor\" data-id=\"518f95bc\" data-element_type=\"text-editor.default\">\n<div class=\"elementor-widget-container\">\n<div class=\"elementor-text-editor elementor-clearfix\">\n<ul>\n<li><em>Drahtlose Erkennung und Kommunikation mit IoT<\/em><\/li>\n<li><em>Effiziente Parkplatz-\/raumbelegungsmessung und proaktive Erkennungsfunktionen<\/em><\/li>\n<li><em>Echtzeitparkplatzstatus&nbsp; via Google Map\/ App \/ Navi \/ Web<\/em><\/li>\n<li><em>Der Sensor bietet eine h\u00f6chst zuverl\u00e4ssige Erkennung bei <strong>allen Wetterbedingungen<\/strong><\/em><\/li>\n<li><em>Weniger anspruchsvolle Installation im Vergleich zu ungenaueren Mittbewerberl\u00f6sungen bei h\u00f6chster Integrationstiefe<\/em><\/li>\n<li><em>Einfache Integration in bestehende Infrastruktur (schnell und wirtschaftlich)<br \/>\n<\/em><\/li>\n<\/ul>\n<\/div>\n<\/div>\n<\/div>\n<\/div>\n<\/div>\n<\/div>\n<\/div>\n<\/div>\n<\/section>\n<section class=\"elementor-element elementor-element-43208144 elementor-section-boxed elementor-section-height-default elementor-section-height-default elementor-section elementor-inner-section\" data-id=\"43208144\" data-element_type=\"section\">\n<div class=\"elementor-container elementor-column-gap-default\">\n<div class=\"elementor-row\">\n<div class=\"elementor-element elementor-element-abea7dd elementor-column elementor-col-100 elementor-inner-column\" data-id=\"abea7dd\" data-element_type=\"column\">\n<div class=\"elementor-column-wrap elementor-element-populated\">\n<div class=\"elementor-widget-wrap\">\n<div class=\"elementor-element elementor-element-82f4adb elementor-widget elementor-widget-heading\" data-id=\"82f4adb\" data-element_type=\"heading.default\">\n<div class=\"elementor-widget-container\">\n<h3 class=\"elementor-heading-title elementor-size-default\">Benefits<\/h3>\n<\/div>\n<\/div>\n<div class=\"elementor-element elementor-element-4afaec38 elementor-widget elementor-widget-text-editor\" data-id=\"4afaec38\" data-element_type=\"text-editor.default\">\n<div class=\"elementor-widget-container\">\n<div class=\"elementor-text-editor elementor-clearfix\">\n<ul>\n<li><em>Schnelle, genaue und zuverl\u00e4ssige Fahrzeugerkennung unabh\u00e4ngig von Verkehr, Wetter und Oberfl\u00e4chenbeschaffenheit<\/em><\/li>\n<li><em>Einfache Plug &amp; Play-Installation<\/em><\/li>\n<li><em>Eliminiert die Notwendigkeit f\u00fcr jede Art von Relaisknoten oder Gateways (Zusatzhardware)<\/em><\/li>\n<li><em>Einfache effiziente Datenvisualisierung mit Cloud-basierter Schnittstelle<\/em><\/li>\n<li><em>Kann problemlos in jedes bestehende Parkhaus-Managementsystem implementiert werden<\/em><\/li>\n<li><em>Schneepflug resistent<\/em><\/li>\n<li><em>Vandalismusicher<\/em><\/li>\n<li><em>Unter Verbundsteinen einfachst zu installieren, ebenso unter Fahrbahnoberfl\u00e4che<br \/>\n<\/em><\/li>\n<\/ul>\n<\/div>\n<\/div>\n<\/div>\n<div class=\"elementor-element elementor-element-4690adf6 elementor-widget elementor-widget-text-editor\" data-id=\"4690adf6\" data-element_type=\"text-editor.default\">\n<div class=\"elementor-widget-container\">\n<div class=\"elementor-text-editor elementor-clearfix\">\n<p><em>Der #NBPS Sensor ist f\u00fcr den Betrieb mit dem NB IoT-Netzwerk ausgelegt. Der Sensor funktioniert nur in dem Bereich, der vom NB IoT-Netzwerk abgedeckt wird. (Fl\u00e4chendeckende Netzabdeckung aller Mobilfunkprovider weltweit)<\/em><\/p>\n<p>Spezifikationen und Referenzen auf Anfrage via <a href=\"mailto:nbps@edigroup.de\">E-Mail<\/a>.<\/p>\n<\/div>\n<\/div>\n<\/div>\n<\/div>\n<\/div>\n<\/div>\n<\/div>\n<\/div>\n<\/section>\n<\/div>\n<\/div>\n<\/div>\n<\/div>\n<\/div>\n<\/section>\n<p>[:]<\/p>\n","protected":false},"excerpt":{"rendered":"<p>Smart Intelligent Traffic Solutions Narrow Band Parking Sensor Produktbeschreibung MagSense-R Parksensor (#NBPS) ist ein autonomer drahtloser Sensor. Er unterst\u00fctzt den neuen weltweit g\u00fcltigen Mobilfunkstandard (M2M) in Internet der Dinge (IoT). Netzabdeckung wird von allen Providern fl\u00e4chendeckend als Infrastrukturdienst auch in Deutschland erbracht Es ist INNOVATION pur als Telematikbaustein f\u00fcr den &#8222;ruhenden Verkehr&#8220;. Kompakte und einfach zu implementierende L\u00f6sung zur \u00dcberwachung<\/p>\n<p><a class=\"more-link\" href=\"https:\/\/www.edigroup.de\/?page_id=2002\">Weiterlesen<\/a><\/p>\n","protected":false},"author":5,"featured_media":0,"parent":1817,"menu_order":146,"comment_status":"closed","ping_status":"closed","template":"","meta":{"footnotes":""},"class_list":["post-2002","page","type-page","status-publish","hentry"],"_links":{"self":[{"href":"https:\/\/www.edigroup.de\/index.php?rest_route=\/wp\/v2\/pages\/2002","targetHints":{"allow":["GET"]}}],"collection":[{"href":"https:\/\/www.edigroup.de\/index.php?rest_route=\/wp\/v2\/pages"}],"about":[{"href":"https:\/\/www.edigroup.de\/index.php?rest_route=\/wp\/v2\/types\/page"}],"author":[{"embeddable":true,"href":"https:\/\/www.edigroup.de\/index.php?rest_route=\/wp\/v2\/users\/5"}],"replies":[{"embeddable":true,"href":"https:\/\/www.edigroup.de\/index.php?rest_route=%2Fwp%2Fv2%2Fcomments&post=2002"}],"version-history":[{"count":15,"href":"https:\/\/www.edigroup.de\/index.php?rest_route=\/wp\/v2\/pages\/2002\/revisions"}],"predecessor-version":[{"id":2614,"href":"https:\/\/www.edigroup.de\/index.php?rest_route=\/wp\/v2\/pages\/2002\/revisions\/2614"}],"up":[{"embeddable":true,"href":"https:\/\/www.edigroup.de\/index.php?rest_route=\/wp\/v2\/pages\/1817"}],"wp:attachment":[{"href":"https:\/\/www.edigroup.de\/index.php?rest_route=%2Fwp%2Fv2%2Fmedia&parent=2002"}],"curies":[{"name":"wp","href":"https:\/\/api.w.org\/{rel}","templated":true}]}}