{"id":2110,"date":"2018-06-12T15:50:22","date_gmt":"2018-06-12T13:50:22","guid":{"rendered":"http:\/\/edigroup.de\/wordpress\/?page_id=2110"},"modified":"2019-09-04T20:02:00","modified_gmt":"2019-09-04T18:02:00","slug":"3dtc-exakte-verkehrszaehlungen","status":"publish","type":"page","link":"https:\/\/www.edigroup.de\/?page_id=2110","title":{"rendered":"3DTC  exakte Verkehrsz\u00e4hlungen"},"content":{"rendered":"<div class=\"elementor elementor-1660\">\n<div class=\"elementor-inner\">\n<div class=\"elementor-section-wrap\">\n<section class=\"elementor-element elementor-element-dryfezg elementor-section-boxed elementor-section-height-default elementor-section-height-default elementor-section elementor-top-section\" data-id=\"dryfezg\" data-element_type=\"section\">\n<div class=\"elementor-container elementor-column-gap-default\">\n<div class=\"elementor-row\">\n<div class=\"elementor-element elementor-element-figaiiw elementor-column elementor-col-100 elementor-top-column\" data-id=\"figaiiw\" data-element_type=\"column\">\n<div class=\"elementor-column-wrap elementor-element-populated\">\n<div class=\"elementor-widget-wrap\">\n<div class=\"elementor-element elementor-element-deuazex elementor-widget elementor-widget-heading\" data-id=\"deuazex\" data-element_type=\"heading.default\">\n<div class=\"elementor-widget-container\">\n<h2 class=\"elementor-heading-title elementor-size-xl\">3DTC Traffic Counter<\/h2>\n<\/div>\n<\/div>\n<\/div>\n<\/div>\n<\/div>\n<\/div>\n<\/div>\n<\/section>\n<section class=\"elementor-element elementor-element-jseipkq elementor-section-boxed elementor-section-height-default elementor-section-height-default elementor-section elementor-top-section\" data-id=\"jseipkq\" data-element_type=\"section\">\n<div class=\"elementor-container elementor-column-gap-default\">\n<div class=\"elementor-row\">\n<div class=\"elementor-element elementor-element-taqjiqc elementor-column elementor-col-50 elementor-top-column\" data-id=\"taqjiqc\" data-element_type=\"column\">\n<div class=\"elementor-column-wrap elementor-element-populated\">\n<div class=\"elementor-widget-wrap\">\n<section class=\"elementor-element elementor-element-lnssiac elementor-section-boxed elementor-section-height-default elementor-section-height-default elementor-section elementor-inner-section\" data-id=\"lnssiac\" data-element_type=\"section\">\n<div class=\"elementor-container elementor-column-gap-default\">\n<div class=\"elementor-row\">\n<div class=\"elementor-element elementor-element-zwvktuj elementor-column elementor-col-100 elementor-inner-column\" data-id=\"zwvktuj\" data-element_type=\"column\">\n<div class=\"elementor-column-wrap elementor-element-populated\">\n<div class=\"elementor-widget-wrap\">\n<div class=\"elementor-element elementor-element-qwttrtb elementor-widget elementor-widget-heading\" data-id=\"qwttrtb\" data-element_type=\"heading.default\">\n<div class=\"elementor-widget-container\">\n<h3 class=\"elementor-heading-title elementor-size-default\">Produktbeschreibung<\/h3>\n<\/div>\n<\/div>\n<div class=\"elementor-element elementor-element-ztpgkzp elementor-widget elementor-widget-text-editor\" data-id=\"ztpgkzp\" data-element_type=\"text-editor.default\">\n<div class=\"elementor-widget-container\">\n<div class=\"elementor-text-editor elementor-clearfix\">\n<p><em>Die patentierte&nbsp; Magnetfeldsensorik mit Expertensystem (KI),&nbsp; verbunden an das Hochgeschwindigkeitsnetz, er\u00f6ffnet der 3DTC Traffic Counter neue M\u00f6glichkeiten, Fahrzeuge mit MagSense-R Portfolioprodukten h\u00f6chst exakt uns schnell zu z\u00e4hlen. Der 3DTC Traffic Counter ist ein hochmodernes System f\u00fcr die pr\u00e4zise und zuverl\u00e4ssige Z\u00e4hlung von Fahrzeugen und die Erkennung von Wetter-, Oberfl\u00e4chen- und Verkehrsbedingungen bei Geschwindigkeiten von bis zu 220 km \/ h. Das System ist skalierbar, um den Anforderungen eines kleinen Stadtgasthof-Parkplatzes als eigenst\u00e4ndiges System, bis hin zu mehrstufigen Garagen&nbsp; (Referenz u.a. Flughafenparkhaus P3&nbsp;&nbsp; K\u00f6ln Bonn \u00fcber 6000 Parkpl\u00e4tze) gerecht zu werden.<br \/>\nGesamtintegration z.B. in&nbsp; Bestandsprodukte wie SIPARK (R), als Teil eines kompletten Management- und Leitsystems ebenso geeignet wie als Standalone.<br \/>\nDas 3DTC-System besteht aus WiGo-Controller und Sensorbus. #Rampenz\u00e4hlung, #Fahrgassenz\u00e4hlung<br \/>\n<\/em><\/p>\n<\/div>\n<\/div>\n<\/div>\n<\/div>\n<\/div>\n<\/div>\n<\/div>\n<\/div>\n<\/section>\n<section class=\"elementor-element elementor-element-mvamsrf elementor-section-boxed elementor-section-height-default elementor-section-height-default elementor-section elementor-inner-section\" data-id=\"mvamsrf\" data-element_type=\"section\">\n<div class=\"elementor-container elementor-column-gap-default\">\n<div class=\"elementor-row\">\n<div class=\"elementor-element elementor-element-biixqln elementor-column elementor-col-100 elementor-inner-column\" data-id=\"biixqln\" data-element_type=\"column\">\n<div class=\"elementor-column-wrap elementor-element-populated\">\n<div class=\"elementor-widget-wrap\">\n<div class=\"elementor-element elementor-element-rhiagco elementor-widget elementor-widget-heading\" data-id=\"rhiagco\" data-element_type=\"heading.default\">\n<div class=\"elementor-widget-container\">\n<h3 class=\"elementor-heading-title elementor-size-default\">Key features:<\/h3>\n<\/div>\n<\/div>\n<div class=\"elementor-element elementor-element-fptosku elementor-widget elementor-widget-text-editor\" data-id=\"fptosku\" data-element_type=\"text-editor.default\">\n<div class=\"elementor-widget-container\">\n<div class=\"elementor-text-editor elementor-clearfix\">\n<div class=\"elementor-element elementor-element-fptosku elementor-widget elementor-widget-text-editor\" data-id=\"fptosku\" data-element_type=\"text-editor.default\">\n<div class=\"elementor-widget-container\">\n<div class=\"elementor-text-editor elementor-clearfix\">\n<ul>\n<li><em>Schnelle, genaue und zuverl\u00e4ssige Fahrzeugerkennung unabh\u00e4ngig von Verkehr, Wetter und Oberfl\u00e4chenbeschaffenheit<\/em><\/li>\n<li><em>Zuverl\u00e4ssige Erkennung von Fahrzeuggeschwindigkeit und &#8211; richtung<\/em><\/li>\n<li><em>Detektion durch Stahl oder Beton bis zu 500 mm Dicke<\/em><\/li>\n<li><em>Verkehrsz\u00e4hlung von bis zu 8 Spuren<\/em><\/li>\n<li><em>&nbsp;Erm\u00f6glicht einen wartungsfreien Betrieb &#8211; ohne Batterie \/ Akku<\/em><\/li>\n<li><em>sehr Energieeffizient<\/em><\/li>\n<li><em>Unterst\u00fctzung f\u00fcr Over-the-Air-Firmware-Aktualisierung<\/em><\/li>\n<li><em>exakte Fahrtrichtungsdetektion<\/em><\/li>\n<\/ul>\n<\/div>\n<\/div>\n<\/div>\n<\/div>\n<\/div>\n<\/div>\n<\/div>\n<\/div>\n<\/div>\n<\/div>\n<\/div>\n<\/section>\n<section class=\"elementor-element elementor-element-7a0cc93 elementor-section-boxed elementor-section-height-default elementor-section-height-default elementor-section elementor-inner-section\" data-id=\"7a0cc93\" data-element_type=\"section\">\n<div class=\"elementor-container elementor-column-gap-default\">\n<div class=\"elementor-row\">\n<div class=\"elementor-element elementor-element-0e3e15b elementor-column elementor-col-100 elementor-inner-column\" data-id=\"0e3e15b\" data-element_type=\"column\">\n<div class=\"elementor-column-wrap elementor-element-populated\">\n<div class=\"elementor-widget-wrap\">\n<div class=\"elementor-element elementor-element-1d10e89 elementor-widget elementor-widget-heading\" data-id=\"1d10e89\" data-element_type=\"heading.default\">\n<div class=\"elementor-widget-container\">\n<h3 class=\"elementor-heading-title elementor-size-default\">Benefits<\/h3>\n<\/div>\n<\/div>\n<div class=\"elementor-element elementor-element-b52ae73 elementor-widget elementor-widget-text-editor\" data-id=\"b52ae73\" data-element_type=\"text-editor.default\">\n<div class=\"elementor-widget-container\">\n<div class=\"elementor-text-editor elementor-clearfix\">\n<ul>\n<li><em>Echtzeit-Parkinformationen rund um die Uhr&nbsp; 365\/7\/24h<\/em><\/li>\n<li><em>Installationen in Parkh\u00e4usern ohne Betriebsunterbrechung oder Verz\u00f6gerungen f\u00fcr Kunden<\/em><\/li>\n<li><em>Built-in hochintegriert. Vielf\u00e4ltiges Spektrum an Konnektivit\u00e4ten, verkabelt und drahtlos<\/em><\/li>\n<li><em>gleichzeitiges Z\u00e4hlen von bis zu 8 Fahrspuren mit einem Ger\u00e4t<\/em><\/li>\n<li><em>Minimale Wartungskosten<\/em><\/li>\n<li><em>Einfache Integration in bestehende Parksysteme<\/em><\/li>\n<li><em>Einfache Integration in bestehende IT-Infrastruktur<\/em><\/li>\n<li><em>Komfortfunktion Parkkundenf\u00fchrung zum n\u00e4chsten freien Parkplatz mit einer Smartphone-App<\/em><\/li>\n<\/ul>\n<\/div>\n<\/div>\n<\/div>\n<\/div>\n<\/div>\n<\/div>\n<\/div>\n<\/div>\n<\/section>\n<section class=\"elementor-element elementor-element-a36adec elementor-section-boxed elementor-section-height-default elementor-section-height-default elementor-section elementor-inner-section\" data-id=\"a36adec\" data-element_type=\"section\">\n<div class=\"elementor-container elementor-column-gap-default\">\n<div class=\"elementor-row\">\n<div class=\"elementor-element elementor-element-c5b420f elementor-column elementor-col-50 elementor-inner-column\" data-id=\"c5b420f\" data-element_type=\"column\">\n<div class=\"elementor-column-wrap elementor-element-populated\">\n<div class=\"elementor-widget-wrap\">\n<div class=\"elementor-element elementor-element-fae26e9 elementor-widget elementor-widget-image\" data-id=\"fae26e9\" data-element_type=\"image.default\">\n<div class=\"elementor-widget-container\">\n<div class=\"elementor-image\"><img fetchpriority=\"high\" decoding=\"async\" class=\"attachment-large size-large\" src=\"https:\/\/mobilisis.hr\/wp-content\/uploads\/2018\/01\/3DTC_Slika-2-1.jpg\" sizes=\"(max-width: 800px) 100vw, 800px\" srcset=\"https:\/\/mobilisis.hr\/wp-content\/uploads\/2018\/01\/3DTC_Slika-2-1.jpg 800w, https:\/\/mobilisis.hr\/wp-content\/uploads\/2018\/01\/3DTC_Slika-2-1-300x225.jpg 300w, https:\/\/mobilisis.hr\/wp-content\/uploads\/2018\/01\/3DTC_Slika-2-1-768x576.jpg 768w\" alt=\"\" width=\"800\" height=\"600\"><\/div>\n<\/div>\n<\/div>\n<\/div>\n<\/div>\n<\/div>\n<div class=\"elementor-element elementor-element-6139fe8 elementor-column elementor-col-50 elementor-inner-column\" data-id=\"6139fe8\" data-element_type=\"column\">\n<div class=\"elementor-column-wrap elementor-element-populated\">\n<div class=\"elementor-widget-wrap\">\n<div class=\"elementor-element elementor-element-3b2607f elementor-widget elementor-widget-image\" data-id=\"3b2607f\" data-element_type=\"image.default\">\n<div class=\"elementor-widget-container\">\n<div class=\"elementor-image\"><img decoding=\"async\" class=\"attachment-large size-large\" src=\"https:\/\/mobilisis.hr\/wp-content\/uploads\/2018\/01\/3DTC_Slika-3-1.jpg\" sizes=\"(max-width: 800px) 100vw, 800px\" srcset=\"https:\/\/mobilisis.hr\/wp-content\/uploads\/2018\/01\/3DTC_Slika-3-1.jpg 800w, https:\/\/mobilisis.hr\/wp-content\/uploads\/2018\/01\/3DTC_Slika-3-1-300x225.jpg 300w, https:\/\/mobilisis.hr\/wp-content\/uploads\/2018\/01\/3DTC_Slika-3-1-768x576.jpg 768w\" alt=\"\" width=\"800\" height=\"600\"><\/div>\n<\/div>\n<\/div>\n<\/div>\n<\/div>\n<\/div>\n<\/div>\n<\/div>\n<\/section>\n<\/div>\n<\/div>\n<\/div>\n<div class=\"elementor-element elementor-element-lcvcrgq elementor-column elementor-col-50 elementor-top-column\" data-id=\"lcvcrgq\" data-element_type=\"column\">\n<div class=\"elementor-column-wrap elementor-element-populated\">\n<div class=\"elementor-widget-wrap\">\n<div class=\"elementor-element elementor-element-brzddr7 elementor-widget elementor-widget-spacer\" data-id=\"brzddr7\" data-element_type=\"spacer.default\">\n<div class=\"elementor-widget-container\">\n<div class=\"elementor-spacer\">\n<div class=\"elementor-spacer-inner\"><\/div>\n<\/div>\n<\/div>\n<\/div>\n<div class=\"elementor-element elementor-element-8yzaa2n elementor-widget elementor-widget-image\" data-id=\"8yzaa2n\" data-element_type=\"image.default\">\n<div class=\"elementor-widget-container\">\n<div class=\"elementor-image\"><img decoding=\"async\" class=\"attachment-large size-large\" src=\"https:\/\/mobilisis.hr\/wp-content\/uploads\/2018\/01\/3DTC_Slika-1-1-1024x481.jpg\" sizes=\"(max-width: 1024px) 100vw, 1024px\" srcset=\"https:\/\/mobilisis.hr\/wp-content\/uploads\/2018\/01\/3DTC_Slika-1-1-1024x481.jpg 1024w, https:\/\/mobilisis.hr\/wp-content\/uploads\/2018\/01\/3DTC_Slika-1-1-300x141.jpg 300w, https:\/\/mobilisis.hr\/wp-content\/uploads\/2018\/01\/3DTC_Slika-1-1-768x361.jpg 768w\" alt=\"\" width=\"1024\" height=\"481\"><\/div>\n<div><\/div>\n<\/div>\n<\/div>\n<div class=\"elementor-element elementor-element-ckmnmqp elementor-widget elementor-widget-text-editor\" data-id=\"ckmnmqp\" data-element_type=\"text-editor.default\">\n<div class=\"elementor-widget-container\">\n<div class=\"elementor-text-editor elementor-clearfix\"><\/div>\n<\/div>\n<\/div>\n<div class=\"elementor-element elementor-element-avngwoe elementor-widget elementor-widget-text-editor\" data-id=\"avngwoe\" data-element_type=\"text-editor.default\">\n<div class=\"elementor-widget-container\">\n<div class=\"elementor-text-editor elementor-clearfix\">\n<p><em>Anwendungsbeispiele:<\/em><\/p>\n<ul>\n<li><em>Tiefgaragen, wirtschaftliche Oberdeckdetektion- von Parkhausanlagen jeder Gr\u00f6\u00dfe<\/em><\/li>\n<li><em>Parkm\u00f6glichkeiten auf mehreren Ebenen<\/em><\/li>\n<li><em>Einbahnstra\u00dfen &#8211; Falschfahrzeugerkennung<\/em><\/li>\n<li><em>Kreisverkehre, Br\u00fccken, Tunnel<\/em><\/li>\n<li><em>Fahrzeugz\u00e4hlung an Rampen und Querschnitten<\/em><\/li>\n<li><em>Zugangskontrolle (private Garagen, Tore oder Barrieren)<\/em><\/li>\n<\/ul>\n<\/div>\n<\/div>\n<\/div>\n<\/div>\n<\/div>\n<\/div>\n<\/div>\n<\/div>\n<\/section>\n<\/div>\n<\/div>\n<\/div>\n","protected":false},"excerpt":{"rendered":"<p>3DTC Traffic Counter Produktbeschreibung Die patentierte&nbsp; Magnetfeldsensorik mit Expertensystem (KI),&nbsp; verbunden an das Hochgeschwindigkeitsnetz, er\u00f6ffnet der 3DTC Traffic Counter neue M\u00f6glichkeiten, Fahrzeuge mit MagSense-R Portfolioprodukten h\u00f6chst exakt uns schnell zu z\u00e4hlen. Der 3DTC Traffic Counter ist ein hochmodernes System f\u00fcr die pr\u00e4zise und zuverl\u00e4ssige Z\u00e4hlung von Fahrzeugen und die Erkennung von Wetter-, Oberfl\u00e4chen- und Verkehrsbedingungen bei Geschwindigkeiten von bis zu<\/p>\n<p><a class=\"more-link\" href=\"https:\/\/www.edigroup.de\/?page_id=2110\">Weiterlesen<\/a><\/p>\n","protected":false},"author":3,"featured_media":0,"parent":1817,"menu_order":143,"comment_status":"closed","ping_status":"closed","template":"","meta":{"footnotes":""},"class_list":["post-2110","page","type-page","status-publish","hentry"],"_links":{"self":[{"href":"https:\/\/www.edigroup.de\/index.php?rest_route=\/wp\/v2\/pages\/2110","targetHints":{"allow":["GET"]}}],"collection":[{"href":"https:\/\/www.edigroup.de\/index.php?rest_route=\/wp\/v2\/pages"}],"about":[{"href":"https:\/\/www.edigroup.de\/index.php?rest_route=\/wp\/v2\/types\/page"}],"author":[{"embeddable":true,"href":"https:\/\/www.edigroup.de\/index.php?rest_route=\/wp\/v2\/users\/3"}],"replies":[{"embeddable":true,"href":"https:\/\/www.edigroup.de\/index.php?rest_route=%2Fwp%2Fv2%2Fcomments&post=2110"}],"version-history":[{"count":8,"href":"https:\/\/www.edigroup.de\/index.php?rest_route=\/wp\/v2\/pages\/2110\/revisions"}],"predecessor-version":[{"id":2612,"href":"https:\/\/www.edigroup.de\/index.php?rest_route=\/wp\/v2\/pages\/2110\/revisions\/2612"}],"up":[{"embeddable":true,"href":"https:\/\/www.edigroup.de\/index.php?rest_route=\/wp\/v2\/pages\/1817"}],"wp:attachment":[{"href":"https:\/\/www.edigroup.de\/index.php?rest_route=%2Fwp%2Fv2%2Fmedia&parent=2110"}],"curies":[{"name":"wp","href":"https:\/\/api.w.org\/{rel}","templated":true}]}}