{"id":2566,"date":"2019-08-06T15:55:51","date_gmt":"2019-08-06T13:55:51","guid":{"rendered":"http:\/\/www.edigroup.de\/?page_id=2566"},"modified":"2019-08-06T15:58:37","modified_gmt":"2019-08-06T13:58:37","slug":"gruenstrom","status":"publish","type":"page","link":"https:\/\/www.edigroup.de\/?page_id=2566","title":{"rendered":"Gr\u00fcnstrom"},"content":{"rendered":"\n<p>\u00d6kostrom ist meistens Graustrom im Mix. so weitgehend wie m\u00f6glich  nachhaltig und lokal erzeugter Strom ist gr\u00fcner Regionalstrom. Kann Ihr Stadtwerk Sie damit versorgen?<\/p>\n\n\n\n<p><\/p>\n\n\n\n<p>Pr\u00fcfen Sie jetzt die <a rel=\"noreferrer noopener\" aria-label=\"Verf\u00fcgbarkeit von Gr\u00fcnstrom (\u00f6ffnet in neuem Tab)\" href=\"https:\/\/gruenstromindex.de\" target=\"_blank\"><strong>Verf\u00fcgbarkeit von Gr\u00fcnstrom<\/strong><\/a> mit Ihrer Postleitzahl.<\/p>\n","protected":false},"excerpt":{"rendered":"<p>\u00d6kostrom ist meistens Graustrom im Mix. so weitgehend wie m\u00f6glich nachhaltig und lokal erzeugter Strom ist gr\u00fcner Regionalstrom. Kann Ihr Stadtwerk Sie damit versorgen? Pr\u00fcfen Sie jetzt die Verf\u00fcgbarkeit von Gr\u00fcnstrom mit Ihrer Postleitzahl.<\/p>\n","protected":false},"author":5,"featured_media":0,"parent":1815,"menu_order":2,"comment_status":"closed","ping_status":"closed","template":"","meta":{"footnotes":""},"class_list":["post-2566","page","type-page","status-publish","hentry"],"_links":{"self":[{"href":"https:\/\/www.edigroup.de\/index.php?rest_route=\/wp\/v2\/pages\/2566","targetHints":{"allow":["GET"]}}],"collection":[{"href":"https:\/\/www.edigroup.de\/index.php?rest_route=\/wp\/v2\/pages"}],"about":[{"href":"https:\/\/www.edigroup.de\/index.php?rest_route=\/wp\/v2\/types\/page"}],"author":[{"embeddable":true,"href":"https:\/\/www.edigroup.de\/index.php?rest_route=\/wp\/v2\/users\/5"}],"replies":[{"embeddable":true,"href":"https:\/\/www.edigroup.de\/index.php?rest_route=%2Fwp%2Fv2%2Fcomments&post=2566"}],"version-history":[{"count":3,"href":"https:\/\/www.edigroup.de\/index.php?rest_route=\/wp\/v2\/pages\/2566\/revisions"}],"predecessor-version":[{"id":2571,"href":"https:\/\/www.edigroup.de\/index.php?rest_route=\/wp\/v2\/pages\/2566\/revisions\/2571"}],"up":[{"embeddable":true,"href":"https:\/\/www.edigroup.de\/index.php?rest_route=\/wp\/v2\/pages\/1815"}],"wp:attachment":[{"href":"https:\/\/www.edigroup.de\/index.php?rest_route=%2Fwp%2Fv2%2Fmedia&parent=2566"}],"curies":[{"name":"wp","href":"https:\/\/api.w.org\/{rel}","templated":true}]}}